{"id":188,"date":"2019-02-14T20:58:27","date_gmt":"2019-02-14T18:58:27","guid":{"rendered":"http:\/\/www.kahvihuone.net\/pml\/?page_id=188"},"modified":"2019-02-14T21:27:28","modified_gmt":"2019-02-14T19:27:28","slug":"2008-2","status":"publish","type":"page","link":"http:\/\/www.pyhanmartinlaulajat.fi\/index.php\/2008-2\/","title":{"rendered":"2008"},"content":{"rendered":"<p>21.03.\u00a0\u00a0\u00a0\u00a0\u00a0\u00a0\u00a0 Pitk\u00e4perjantain sanajumalanpalvelus, Raision kirkko<br \/>\n21.03.\u00a0\u00a0\u00a0\u00a0\u00a0\u00a0\u00a0 Ristinjuhla, Raision kirkko<br \/>\n09.04.\u00a0\u00a0\u00a0\u00a0\u00a0\u00a0 Agricola -juhla, Turun tuomiokirkko<br \/>\n13.06.\u00a0\u00a0\u00a0\u00a0\u00a0\u00a0\u00a0 Sanan Suvip\u00e4ivien aloitusjuhla, Kerttulan liikuntahalli, Raisio<br \/>\n13.06.\u00a0\u00a0\u00a0\u00a0\u00a0\u00a0\u00a0 &#8221;Maat mets\u00e4t hiljennein\u00e4&#8221; -konsertti, Raision kirkko<br \/>\n15.06.\u00a0\u00a0\u00a0\u00a0\u00a0\u00a0\u00a0 Sanan Suvip\u00e4ivien messu, Raisio<br \/>\n15.06.\u00a0\u00a0\u00a0\u00a0\u00a0\u00a0\u00a0 Sanan Suvip\u00e4ivien p\u00e4\u00e4t\u00f6sjuhla, Raisio<br \/>\n03.10.\u00a0\u00a0\u00a0\u00a0\u00a0\u00a0\u00a0 Yksityistilaisuus, 50-vuotisjuhlat, Ala-Lemun kartano<br \/>\n02.11.\u00a0\u00a0\u00a0\u00a0\u00a0\u00a0\u00a0 &#8221;Kahden maan kansalainen&#8221; -konsertti, Raision kirkko<br \/>\n21.11.\u00a0\u00a0\u00a0\u00a0\u00a0\u00a0\u00a0\u00a0\u00a0 Ciba Specialty Chemicalsin &#8221;Novemberfest&#8221;<br \/>\n13.12.\u00a0\u00a0\u00a0\u00a0\u00a0\u00a0\u00a0 &#8221;Jouluihme&#8221; -konsertti, Raision kirkko<br \/>\n18.12.\u00a0\u00a0\u00a0\u00a0\u00a0\u00a0\u00a0\u00a0 Lions Club Raision joulujuhla, Raision kirkko<br \/>\n19.12.\u00a0\u00a0\u00a0\u00a0\u00a0\u00a0\u00a0\u00a0 Kauneimmat joululaulut, Raision kirkko<\/p>\n","protected":false},"excerpt":{"rendered":"<p>21.03.\u00a0\u00a0\u00a0\u00a0\u00a0\u00a0\u00a0 Pitk\u00e4perjantain sanajumalanpalvelus, Raision kirkko 21.03.\u00a0\u00a0\u00a0\u00a0\u00a0\u00a0\u00a0 Ristinjuhla, Raision kirkko 09.04.\u00a0\u00a0\u00a0\u00a0\u00a0\u00a0 Agricola -juhla, Turun tuomiokirkko 13.06.\u00a0\u00a0\u00a0\u00a0\u00a0\u00a0\u00a0 Sanan Suvip\u00e4ivien aloitusjuhla, Kerttulan liikuntahalli, Raisio 13.06.\u00a0\u00a0\u00a0\u00a0\u00a0\u00a0\u00a0 &#8221;Maat mets\u00e4t hiljennein\u00e4&#8221; -konsertti, Raision kirkko 15.06.\u00a0\u00a0\u00a0\u00a0\u00a0\u00a0\u00a0 Sanan Suvip\u00e4ivien messu, Raisio 15.06.\u00a0\u00a0\u00a0\u00a0\u00a0\u00a0\u00a0 Sanan Suvip\u00e4ivien p\u00e4\u00e4t\u00f6sjuhla, Raisio 03.10.\u00a0\u00a0\u00a0\u00a0\u00a0\u00a0\u00a0 Yksityistilaisuus, 50-vuotisjuhlat, Ala-Lemun kartano 02.11.\u00a0\u00a0\u00a0\u00a0\u00a0\u00a0\u00a0 &#8221;Kahden maan kansalainen&#8221; -konsertti, Raision kirkko 21.11.\u00a0\u00a0\u00a0\u00a0\u00a0\u00a0\u00a0\u00a0\u00a0 Ciba Specialty Chemicalsin &#8221;Novemberfest&#8221; &hellip; <\/p>\n<p class=\"link-more\"><a href=\"http:\/\/www.pyhanmartinlaulajat.fi\/index.php\/2008-2\/\" class=\"more-link\">Jatka lukemista<span class=\"screen-reader-text\"> &#8221;2008&#8221;<\/span><\/a><\/p>\n","protected":false},"author":1,"featured_media":0,"parent":0,"menu_order":0,"comment_status":"closed","ping_status":"closed","template":"","meta":{"footnotes":""},"class_list":["post-188","page","type-page","status-publish","hentry"],"_links":{"self":[{"href":"http:\/\/www.pyhanmartinlaulajat.fi\/index.php\/wp-json\/wp\/v2\/pages\/188"}],"collection":[{"href":"http:\/\/www.pyhanmartinlaulajat.fi\/index.php\/wp-json\/wp\/v2\/pages"}],"about":[{"href":"http:\/\/www.pyhanmartinlaulajat.fi\/index.php\/wp-json\/wp\/v2\/types\/page"}],"author":[{"embeddable":true,"href":"http:\/\/www.pyhanmartinlaulajat.fi\/index.php\/wp-json\/wp\/v2\/users\/1"}],"replies":[{"embeddable":true,"href":"http:\/\/www.pyhanmartinlaulajat.fi\/index.php\/wp-json\/wp\/v2\/comments?post=188"}],"version-history":[{"count":2,"href":"http:\/\/www.pyhanmartinlaulajat.fi\/index.php\/wp-json\/wp\/v2\/pages\/188\/revisions"}],"predecessor-version":[{"id":232,"href":"http:\/\/www.pyhanmartinlaulajat.fi\/index.php\/wp-json\/wp\/v2\/pages\/188\/revisions\/232"}],"wp:attachment":[{"href":"http:\/\/www.pyhanmartinlaulajat.fi\/index.php\/wp-json\/wp\/v2\/media?parent=188"}],"curies":[{"name":"wp","href":"https:\/\/api.w.org\/{rel}","templated":true}]}}

<p>21.03.        Pitkäperjantain sanajumalanpalvelus, Raision kirkko<br />
21.03.        Ristinjuhla, Raision kirkko<br />
09.04.       Agricola -juhla, Turun tuomiokirkko<br />
13.06.        Sanan Suvipäivien aloitusjuhla, Kerttulan liikuntahalli, Raisio<br />
13.06.        &#8221;Maat metsät hiljenneinä&#8221; -konsertti, Raision kirkko<br />
15.06.        Sanan Suvipäivien messu, Raisio<br />
15.06.        Sanan Suvipäivien päätösjuhla, Raisio<br />
03.10.        Yksityistilaisuus, 50-vuotisjuhlat, Ala-Lemun kartano<br />
02.11.        &#8221;Kahden maan kansalainen&#8221; -konsertti, Raision kirkko<br />
21.11.          Ciba Specialty Chemicalsin &#8221;Novemberfest&#8221;<br />
13.12.        &#8221;Jouluihme&#8221; -konsertti, Raision kirkko<br />
18.12.         Lions Club Raision joulujuhla, Raision kirkko<br />
19.12.         Kauneimmat joululaulut, Raision kirkko</p>

<p>21.03.        Pitkäperjantain sanajumalanpalvelus, Raision kirkko 21.03.        Ristinjuhla, Raision kirkko 09.04.       Agricola -juhla, Turun tuomiokirkko 13.06.        Sanan Suvipäivien aloitusjuhla, Kerttulan liikuntahalli, Raisio 13.06.        &#8221;Maat metsät hiljenneinä&#8221; -konsertti, Raision kirkko 15.06.        Sanan Suvipäivien messu, Raisio 15.06.        Sanan Suvipäivien päätösjuhla, Raisio 03.10.        Yksityistilaisuus, 50-vuotisjuhlat, Ala-Lemun kartano 02.11.        &#8221;Kahden maan kansalainen&#8221; -konsertti, Raision kirkko 21.11.          Ciba Specialty Chemicalsin &#8221;Novemberfest&#8221; &hellip; </p>
<p class="link-more"><a href="http://www.pyhanmartinlaulajat.fi/index.php/2008-2/" class="more-link">Jatka lukemista<span class="screen-reader-text"> &#8221;2008&#8221;</span></a></p>
