{"id":19,"date":"2019-02-14T17:50:13","date_gmt":"2019-02-14T15:50:13","guid":{"rendered":"http:\/\/www.kahvihuone.net\/pml\/?page_id=19"},"modified":"2024-09-02T20:11:28","modified_gmt":"2024-09-02T17:11:28","slug":"ota-yhteytta","status":"publish","type":"page","link":"http:\/\/www.pyhanmartinlaulajat.fi\/index.php\/ota-yhteytta\/","title":{"rendered":"Ota yhteytt\u00e4"},"content":{"rendered":"<p>Mik\u00e4li haluat ottaa yhteytt\u00e4 sopiaksesi konsertista, keikasta, esiintymisest\u00e4 tapahtumassa, olethan yhteydess\u00e4 puheenjohtajaamme.<\/p>\n<p class=\"\" dir=\"ltr\"><span class=\"\">Pyh\u00e4n Martin Laulajat r.y:n puheenjohtaja:<br \/>\n<\/span><span class=\"\"><strong>Minna Tarvola<\/strong><br \/>\npuh. +358 40 5340458<\/span><\/p>\n","protected":false},"excerpt":{"rendered":"<p>Mik\u00e4li haluat ottaa yhteytt\u00e4 sopiaksesi konsertista, keikasta, esiintymisest\u00e4 tapahtumassa, olethan yhteydess\u00e4 puheenjohtajaamme. Pyh\u00e4n Martin Laulajat r.y:n puheenjohtaja: Minna Tarvola puh. +358 40 5340458<\/p>\n","protected":false},"author":1,"featured_media":0,"parent":0,"menu_order":0,"comment_status":"closed","ping_status":"closed","template":"","meta":{"footnotes":""},"class_list":["post-19","page","type-page","status-publish","hentry"],"_links":{"self":[{"href":"http:\/\/www.pyhanmartinlaulajat.fi\/index.php\/wp-json\/wp\/v2\/pages\/19"}],"collection":[{"href":"http:\/\/www.pyhanmartinlaulajat.fi\/index.php\/wp-json\/wp\/v2\/pages"}],"about":[{"href":"http:\/\/www.pyhanmartinlaulajat.fi\/index.php\/wp-json\/wp\/v2\/types\/page"}],"author":[{"embeddable":true,"href":"http:\/\/www.pyhanmartinlaulajat.fi\/index.php\/wp-json\/wp\/v2\/users\/1"}],"replies":[{"embeddable":true,"href":"http:\/\/www.pyhanmartinlaulajat.fi\/index.php\/wp-json\/wp\/v2\/comments?post=19"}],"version-history":[{"count":5,"href":"http:\/\/www.pyhanmartinlaulajat.fi\/index.php\/wp-json\/wp\/v2\/pages\/19\/revisions"}],"predecessor-version":[{"id":322,"href":"http:\/\/www.pyhanmartinlaulajat.fi\/index.php\/wp-json\/wp\/v2\/pages\/19\/revisions\/322"}],"wp:attachment":[{"href":"http:\/\/www.pyhanmartinlaulajat.fi\/index.php\/wp-json\/wp\/v2\/media?parent=19"}],"curies":[{"name":"wp","href":"https:\/\/api.w.org\/{rel}","templated":true}]}}