{"id":203,"date":"2019-02-14T21:08:03","date_gmt":"2019-02-14T19:08:03","guid":{"rendered":"http:\/\/www.kahvihuone.net\/pml\/?page_id=203"},"modified":"2019-02-14T21:08:03","modified_gmt":"2019-02-14T19:08:03","slug":"2013-2","status":"publish","type":"page","link":"http:\/\/www.pyhanmartinlaulajat.fi\/index.php\/2013-2\/","title":{"rendered":"2013"},"content":{"rendered":"<p>04.03.\u00a0\u00a0\u00a0\u00a0\u00a0\u00a0\u00a0\u00a0\u00a0\u00a0 Suntiokoulutuksen juhla, Turun kristillinen opisto<br \/>17.03.\u00a0\u00a0\u00a0\u00a0\u00a0\u00a0\u00a0\u00a0\u00a0\u00a0\u00a0 &#8221;Maria, Herran \u00e4iti&#8221;-konsertti, PML &amp; Martinus, Raision kirkko<br \/>29.03.\u00a0\u00a0\u00a0\u00a0\u00a0\u00a0\u00a0\u00a0\u00a0\u00a0 Pitk\u00e4perjantain sanajumalanpalvelus Raision kirkko<br \/>30.03.\u00a0\u00a0\u00a0\u00a0\u00a0\u00a0\u00a0\u00a0\u00a0\u00a0 P\u00e4\u00e4si\u00e4isy\u00f6n messu ja -juhla, Raision kirkko ja srk-talo<br \/>14.04.\u00a0\u00a0\u00a0\u00a0\u00a0\u00a0\u00a0\u00a0\u00a0\u00a0\u00a0 Hengellisen musiikin konsertti, Iso-Heikin palvelutalo<br \/>02.06.\u00a0\u00a0\u00a0\u00a0\u00a0\u00a0\u00a0\u00a0\u00a0\u00a0 Messu, Raision kirkko<br \/>12.10.\u00a0\u00a0\u00a0\u00a0 \u00a0 \u00a0\u00a0\u00a0\u00a0\u00a0 Konsertti, Kauhavan kirkko<br \/>13.10.\u00a0\u00a0\u00a0\u00a0\u00a0 \u00a0 \u00a0\u00a0\u00a0\u00a0 Messu, Ylivieskan kirkko<br \/>13.10.\u00a0\u00a0\u00a0\u00a0\u00a0\u00a0 \u00a0 \u00a0\u00a0\u00a0 Konsertti, Ylivieskan kirkko<br \/>01.11.\u00a0\u00a0\u00a0\u00a0\u00a0\u00a0\u00a0\u00a0\u00a0\u00a0\u00a0\u00a0\u00a0 Kirkkoherra Ruotsalon 60-vuotisjuhla<br \/>02.11.\u00a0\u00a0\u00a0\u00a0\u00a0\u00a0\u00a0\u00a0\u00a0\u00a0\u00a0\u00a0 Kaksi &#8221;Pyhien muisto&#8221; -tilaisuutta, Raision kirkko<br \/>17.11.\u00a0\u00a0\u00a0\u00a0\u00a0\u00a0\u00a0 \u00a0\u00a0 \u00a0\u00a0 El\u00e4keliiton Raision osaston 25-vuotisjuhla<br \/>24.11.\u00a0\u00a0\u00a0\u00a0\u00a0\u00a0\u00a0\u00a0\u00a0\u00a0\u00a0 Jazzaava messu yhdess\u00e4 MVT-trion kanssa, Raision kirkko<br \/>11.12.\u00a0\u00a0\u00a0\u00a0\u00a0\u00a0\u00a0\u00a0\u00a0 \u00a0\u00a0 Rotary-clubien jouluhartaus, Raision kirkko<br \/>12.12.\u00a0\u00a0\u00a0\u00a0\u00a0\u00a0\u00a0\u00a0\u00a0\u00a0\u00a0 LC-klubien jouluhartaus ja -juhla, Raision kirkko ja srk-talo<br \/>15.12.\u00a0\u00a0\u00a0\u00a0\u00a0\u00a0\u00a0\u00a0\u00a0\u00a0 &#8221;Jouluy\u00f6n salaisuus&#8221;-konsertti, Raision kirkko<br \/>21.12.\u00a0\u00a0\u00a0\u00a0\u00a0\u00a0\u00a0\u00a0\u00a0 \u00a0 Kauneimmat joululaulut, Raision kirkko<\/p>\n\n\n<p><\/p>\n","protected":false},"excerpt":{"rendered":"<p>04.03.\u00a0\u00a0\u00a0\u00a0\u00a0\u00a0\u00a0\u00a0\u00a0\u00a0 Suntiokoulutuksen juhla, Turun kristillinen opisto17.03.\u00a0\u00a0\u00a0\u00a0\u00a0\u00a0\u00a0\u00a0\u00a0\u00a0\u00a0 &#8221;Maria, Herran \u00e4iti&#8221;-konsertti, PML &amp; Martinus, Raision kirkko29.03.\u00a0\u00a0\u00a0\u00a0\u00a0\u00a0\u00a0\u00a0\u00a0\u00a0 Pitk\u00e4perjantain sanajumalanpalvelus Raision kirkko30.03.\u00a0\u00a0\u00a0\u00a0\u00a0\u00a0\u00a0\u00a0\u00a0\u00a0 P\u00e4\u00e4si\u00e4isy\u00f6n messu ja -juhla, Raision kirkko ja srk-talo14.04.\u00a0\u00a0\u00a0\u00a0\u00a0\u00a0\u00a0\u00a0\u00a0\u00a0\u00a0 Hengellisen musiikin konsertti, Iso-Heikin palvelutalo02.06.\u00a0\u00a0\u00a0\u00a0\u00a0\u00a0\u00a0\u00a0\u00a0\u00a0 Messu, Raision kirkko12.10.\u00a0\u00a0\u00a0\u00a0 \u00a0 \u00a0\u00a0\u00a0\u00a0\u00a0 Konsertti, Kauhavan kirkko13.10.\u00a0\u00a0\u00a0\u00a0\u00a0 \u00a0 \u00a0\u00a0\u00a0\u00a0 Messu, Ylivieskan kirkko13.10.\u00a0\u00a0\u00a0\u00a0\u00a0\u00a0 \u00a0 \u00a0\u00a0\u00a0 Konsertti, Ylivieskan kirkko01.11.\u00a0\u00a0\u00a0\u00a0\u00a0\u00a0\u00a0\u00a0\u00a0\u00a0\u00a0\u00a0\u00a0 Kirkkoherra Ruotsalon 60-vuotisjuhla02.11.\u00a0\u00a0\u00a0\u00a0\u00a0\u00a0\u00a0\u00a0\u00a0\u00a0\u00a0\u00a0 Kaksi &#8221;Pyhien muisto&#8221; &hellip; <\/p>\n<p class=\"link-more\"><a href=\"http:\/\/www.pyhanmartinlaulajat.fi\/index.php\/2013-2\/\" class=\"more-link\">Jatka lukemista<span class=\"screen-reader-text\"> &#8221;2013&#8221;<\/span><\/a><\/p>\n","protected":false},"author":1,"featured_media":0,"parent":0,"menu_order":0,"comment_status":"closed","ping_status":"closed","template":"","meta":{"footnotes":""},"class_list":["post-203","page","type-page","status-publish","hentry"],"_links":{"self":[{"href":"http:\/\/www.pyhanmartinlaulajat.fi\/index.php\/wp-json\/wp\/v2\/pages\/203"}],"collection":[{"href":"http:\/\/www.pyhanmartinlaulajat.fi\/index.php\/wp-json\/wp\/v2\/pages"}],"about":[{"href":"http:\/\/www.pyhanmartinlaulajat.fi\/index.php\/wp-json\/wp\/v2\/types\/page"}],"author":[{"embeddable":true,"href":"http:\/\/www.pyhanmartinlaulajat.fi\/index.php\/wp-json\/wp\/v2\/users\/1"}],"replies":[{"embeddable":true,"href":"http:\/\/www.pyhanmartinlaulajat.fi\/index.php\/wp-json\/wp\/v2\/comments?post=203"}],"version-history":[{"count":1,"href":"http:\/\/www.pyhanmartinlaulajat.fi\/index.php\/wp-json\/wp\/v2\/pages\/203\/revisions"}],"predecessor-version":[{"id":205,"href":"http:\/\/www.pyhanmartinlaulajat.fi\/index.php\/wp-json\/wp\/v2\/pages\/203\/revisions\/205"}],"wp:attachment":[{"href":"http:\/\/www.pyhanmartinlaulajat.fi\/index.php\/wp-json\/wp\/v2\/media?parent=203"}],"curies":[{"name":"wp","href":"https:\/\/api.w.org\/{rel}","templated":true}]}}

<p>04.03.           Suntiokoulutuksen juhla, Turun kristillinen opisto<br />17.03.            &#8221;Maria, Herran äiti&#8221;-konsertti, PML &amp; Martinus, Raision kirkko<br />29.03.           Pitkäperjantain sanajumalanpalvelus Raision kirkko<br />30.03.           Pääsiäisyön messu ja -juhla, Raision kirkko ja srk-talo<br />14.04.            Hengellisen musiikin konsertti, Iso-Heikin palvelutalo<br />02.06.           Messu, Raision kirkko<br />12.10.             Konsertti, Kauhavan kirkko<br />13.10.             Messu, Ylivieskan kirkko<br />13.10.             Konsertti, Ylivieskan kirkko<br />01.11.              Kirkkoherra Ruotsalon 60-vuotisjuhla<br />02.11.             Kaksi &#8221;Pyhien muisto&#8221; -tilaisuutta, Raision kirkko<br />17.11.              Eläkeliiton Raision osaston 25-vuotisjuhla<br />24.11.            Jazzaava messu yhdessä MVT-trion kanssa, Raision kirkko<br />11.12.             Rotary-clubien jouluhartaus, Raision kirkko<br />12.12.            LC-klubien jouluhartaus ja -juhla, Raision kirkko ja srk-talo<br />15.12.           &#8221;Jouluyön salaisuus&#8221;-konsertti, Raision kirkko<br />21.12.            Kauneimmat joululaulut, Raision kirkko</p>


<p></p>

<p>04.03.           Suntiokoulutuksen juhla, Turun kristillinen opisto17.03.            &#8221;Maria, Herran äiti&#8221;-konsertti, PML &amp; Martinus, Raision kirkko29.03.           Pitkäperjantain sanajumalanpalvelus Raision kirkko30.03.           Pääsiäisyön messu ja -juhla, Raision kirkko ja srk-talo14.04.            Hengellisen musiikin konsertti, Iso-Heikin palvelutalo02.06.           Messu, Raision kirkko12.10.             Konsertti, Kauhavan kirkko13.10.             Messu, Ylivieskan kirkko13.10.             Konsertti, Ylivieskan kirkko01.11.              Kirkkoherra Ruotsalon 60-vuotisjuhla02.11.             Kaksi &#8221;Pyhien muisto&#8221; &hellip; </p>
<p class="link-more"><a href="http://www.pyhanmartinlaulajat.fi/index.php/2013-2/" class="more-link">Jatka lukemista<span class="screen-reader-text"> &#8221;2013&#8221;</span></a></p>
