{"id":206,"date":"2019-02-14T21:11:13","date_gmt":"2019-02-14T19:11:13","guid":{"rendered":"http:\/\/www.kahvihuone.net\/pml\/?page_id=206"},"modified":"2019-02-14T21:11:13","modified_gmt":"2019-02-14T19:11:13","slug":"2014-2","status":"publish","type":"page","link":"http:\/\/www.pyhanmartinlaulajat.fi\/index.php\/2014-2\/","title":{"rendered":"2014"},"content":{"rendered":"<p>04.03.\u00a0\u00a0\u00a0\u00a0\u00a0\u00a0\u00a0\u00a0\u00a0 Yhteisvastuu-iltamat, Raision srk-talo<br \/>\n26.03.\u00a0\u00a0\u00a0\u00a0\u00a0\u00a0\u00a0\u00a0\u00a0 70-vuotiaiden syntym\u00e4p\u00e4iv\u00e4juhla, Raision srk-talo<br \/>\n18.04.\u00a0\u00a0\u00a0\u00a0\u00a0\u00a0\u00a0\u00a0\u00a0\u00a0 Seppo P\u00e4nk\u00e4l\u00e4isen Luukas-passio yhdess\u00e4 Martinus-kuoron kanssa<br \/>\n19.04.\u00a0\u00a0\u00a0\u00a0\u00a0\u00a0\u00a0\u00a0\u00a0\u00a0 P\u00e4\u00e4si\u00e4isy\u00f6n messu ja -juhla, Raision kirkko ja srk-talo<br \/>\n26.04.\u00a0\u00a0\u00a0\u00a0\u00a0\u00a0\u00a0\u00a0\u00a0\u00a0 Konsertti Madridin saksalaisessa kirkossa<br \/>\n27.04.\u00a0\u00a0\u00a0\u00a0\u00a0\u00a0\u00a0\u00a0\u00a0\u00a0 Madridin suomalaisen srk:n 30-vuotisjuhlamessu ja srk-juhla<br \/>\n13.05.\u00a0\u00a0\u00a0\u00a0\u00a0\u00a0\u00a0\u00a0\u00a0\u00a0 Kev\u00e4tkonsertti, Viherlahden leirikirkko<br \/>\n31.05.\u00a0\u00a0\u00a0\u00a0\u00a0\u00a0\u00a0\u00a0\u00a0\u00a0 Ylioppilasjuhlat Tarvolan perheess\u00e4<br \/>\n13.08.\u00a0\u00a0\u00a0\u00a0\u00a0\u00a0\u00a0\u00a0\u00a0\u00a0 Aamu toi, ilta vei -konsertti, Iso-Heikin palvelutalo<br \/>\n05.10.\u00a0\u00a0\u00a0\u00a0\u00a0\u00a0\u00a0\u00a0\u00a0\u00a0 Raision srk:n kappalaisen virkaanasettamismessu ja srk-juhla<br \/>\n25.10.\u00a0\u00a0\u00a0\u00a0\u00a0\u00a0\u00a0\u00a0\u00a0\u00a0\u00a0 Gospelkonsertti Raision VPK:n soittokunnan vieraana, Martinsali<br \/>\n30.11.\u00a0\u00a0\u00a0\u00a0\u00a0\u00a0\u00a0\u00a0\u00a0\u00a0\u00a0 Kuorojen adventtikonsertti, Raision kirkko<br \/>\n18.12.\u00a0\u00a0\u00a0\u00a0\u00a0\u00a0\u00a0\u00a0\u00a0\u00a0\u00a0 LC-klubien jouluhartaus ja -juhla, Raision kirkko ja srk-talo<br \/>\n19.12.\u00a0\u00a0\u00a0\u00a0\u00a0\u00a0\u00a0\u00a0\u00a0\u00a0\u00a0 Seimenlapsen luokse &#8211; joulukonsertti, Raision kirkko<br \/>\n25.12.\u00a0\u00a0\u00a0\u00a0\u00a0\u00a0\u00a0\u00a0\u00a0\u00a0\u00a0 Kauneimmat joululaulut, Raision kirkko<br \/>\n28.12.\u00a0\u00a0\u00a0\u00a0\u00a0\u00a0\u00a0\u00a0\u00a0\u00a0\u00a0 Joulukonsertti, Iso-Heikin palvelutalo<\/p>\n","protected":false},"excerpt":{"rendered":"<p>04.03.\u00a0\u00a0\u00a0\u00a0\u00a0\u00a0\u00a0\u00a0\u00a0 Yhteisvastuu-iltamat, Raision srk-talo 26.03.\u00a0\u00a0\u00a0\u00a0\u00a0\u00a0\u00a0\u00a0\u00a0 70-vuotiaiden syntym\u00e4p\u00e4iv\u00e4juhla, Raision srk-talo 18.04.\u00a0\u00a0\u00a0\u00a0\u00a0\u00a0\u00a0\u00a0\u00a0\u00a0 Seppo P\u00e4nk\u00e4l\u00e4isen Luukas-passio yhdess\u00e4 Martinus-kuoron kanssa 19.04.\u00a0\u00a0\u00a0\u00a0\u00a0\u00a0\u00a0\u00a0\u00a0\u00a0 P\u00e4\u00e4si\u00e4isy\u00f6n messu ja -juhla, Raision kirkko ja srk-talo 26.04.\u00a0\u00a0\u00a0\u00a0\u00a0\u00a0\u00a0\u00a0\u00a0\u00a0 Konsertti Madridin saksalaisessa kirkossa 27.04.\u00a0\u00a0\u00a0\u00a0\u00a0\u00a0\u00a0\u00a0\u00a0\u00a0 Madridin suomalaisen srk:n 30-vuotisjuhlamessu ja srk-juhla 13.05.\u00a0\u00a0\u00a0\u00a0\u00a0\u00a0\u00a0\u00a0\u00a0\u00a0 Kev\u00e4tkonsertti, Viherlahden leirikirkko 31.05.\u00a0\u00a0\u00a0\u00a0\u00a0\u00a0\u00a0\u00a0\u00a0\u00a0 Ylioppilasjuhlat Tarvolan perheess\u00e4 13.08.\u00a0\u00a0\u00a0\u00a0\u00a0\u00a0\u00a0\u00a0\u00a0\u00a0 Aamu toi, ilta vei -konsertti, Iso-Heikin palvelutalo 05.10.\u00a0\u00a0\u00a0\u00a0\u00a0\u00a0\u00a0\u00a0\u00a0\u00a0 Raision &hellip; <\/p>\n<p class=\"link-more\"><a href=\"http:\/\/www.pyhanmartinlaulajat.fi\/index.php\/2014-2\/\" class=\"more-link\">Jatka lukemista<span class=\"screen-reader-text\"> &#8221;2014&#8221;<\/span><\/a><\/p>\n","protected":false},"author":1,"featured_media":0,"parent":0,"menu_order":0,"comment_status":"closed","ping_status":"closed","template":"","meta":{"footnotes":""},"class_list":["post-206","page","type-page","status-publish","hentry"],"_links":{"self":[{"href":"http:\/\/www.pyhanmartinlaulajat.fi\/index.php\/wp-json\/wp\/v2\/pages\/206"}],"collection":[{"href":"http:\/\/www.pyhanmartinlaulajat.fi\/index.php\/wp-json\/wp\/v2\/pages"}],"about":[{"href":"http:\/\/www.pyhanmartinlaulajat.fi\/index.php\/wp-json\/wp\/v2\/types\/page"}],"author":[{"embeddable":true,"href":"http:\/\/www.pyhanmartinlaulajat.fi\/index.php\/wp-json\/wp\/v2\/users\/1"}],"replies":[{"embeddable":true,"href":"http:\/\/www.pyhanmartinlaulajat.fi\/index.php\/wp-json\/wp\/v2\/comments?post=206"}],"version-history":[{"count":1,"href":"http:\/\/www.pyhanmartinlaulajat.fi\/index.php\/wp-json\/wp\/v2\/pages\/206\/revisions"}],"predecessor-version":[{"id":208,"href":"http:\/\/www.pyhanmartinlaulajat.fi\/index.php\/wp-json\/wp\/v2\/pages\/206\/revisions\/208"}],"wp:attachment":[{"href":"http:\/\/www.pyhanmartinlaulajat.fi\/index.php\/wp-json\/wp\/v2\/media?parent=206"}],"curies":[{"name":"wp","href":"https:\/\/api.w.org\/{rel}","templated":true}]}}

<p>04.03.          Yhteisvastuu-iltamat, Raision srk-talo<br />
26.03.          70-vuotiaiden syntymäpäiväjuhla, Raision srk-talo<br />
18.04.           Seppo Pänkäläisen Luukas-passio yhdessä Martinus-kuoron kanssa<br />
19.04.           Pääsiäisyön messu ja -juhla, Raision kirkko ja srk-talo<br />
26.04.           Konsertti Madridin saksalaisessa kirkossa<br />
27.04.           Madridin suomalaisen srk:n 30-vuotisjuhlamessu ja srk-juhla<br />
13.05.           Kevätkonsertti, Viherlahden leirikirkko<br />
31.05.           Ylioppilasjuhlat Tarvolan perheessä<br />
13.08.           Aamu toi, ilta vei -konsertti, Iso-Heikin palvelutalo<br />
05.10.           Raision srk:n kappalaisen virkaanasettamismessu ja srk-juhla<br />
25.10.            Gospelkonsertti Raision VPK:n soittokunnan vieraana, Martinsali<br />
30.11.            Kuorojen adventtikonsertti, Raision kirkko<br />
18.12.            LC-klubien jouluhartaus ja -juhla, Raision kirkko ja srk-talo<br />
19.12.            Seimenlapsen luokse &#8211; joulukonsertti, Raision kirkko<br />
25.12.            Kauneimmat joululaulut, Raision kirkko<br />
28.12.            Joulukonsertti, Iso-Heikin palvelutalo</p>

<p>04.03.          Yhteisvastuu-iltamat, Raision srk-talo 26.03.          70-vuotiaiden syntymäpäiväjuhla, Raision srk-talo 18.04.           Seppo Pänkäläisen Luukas-passio yhdessä Martinus-kuoron kanssa 19.04.           Pääsiäisyön messu ja -juhla, Raision kirkko ja srk-talo 26.04.           Konsertti Madridin saksalaisessa kirkossa 27.04.           Madridin suomalaisen srk:n 30-vuotisjuhlamessu ja srk-juhla 13.05.           Kevätkonsertti, Viherlahden leirikirkko 31.05.           Ylioppilasjuhlat Tarvolan perheessä 13.08.           Aamu toi, ilta vei -konsertti, Iso-Heikin palvelutalo 05.10.           Raision &hellip; </p>
<p class="link-more"><a href="http://www.pyhanmartinlaulajat.fi/index.php/2014-2/" class="more-link">Jatka lukemista<span class="screen-reader-text"> &#8221;2014&#8221;</span></a></p>
